{"id":12,"date":"2015-08-17T14:54:20","date_gmt":"2015-08-17T12:54:20","guid":{"rendered":"http:\/\/neu.eks-solar.de\/cms\/our-projects\/"},"modified":"2026-04-08T18:08:07","modified_gmt":"2026-04-08T16:08:07","slug":"solarmodule","status":"publish","type":"page","link":"https:\/\/eks-solar.de\/eks-update\/solarmodule\/","title":{"rendered":"Solarmodule"},"content":{"rendered":"<div class=\"wpb-content-wrapper\"><p>[vc_row full_width=&#8220;stretch_row_content_no_spaces&#8220;][vc_column]<div class=\"sc_parallax sc_parallax_reverse_no\" style=\"color:#ffffff;background-color:#1069B9;\" data-parallax-speed=\"0.3\" data-parallax-x-pos=\"50%\" data-parallax-y-pos=\"50%\"><div class=\"sc_parallax_content\" style=\"background-image:url(https:\/\/eks-solar.de\/eks-update\/wp-content\/uploads\/2025\/08\/BG-Page-Title-PV-Module.jpg); background-position:50% 50%;\"><div class=\"sc_content content_wrap\">[vc_column_text]<\/p>\n<h1 class=\"pageTitle\">Solarmodule<\/h1>\n<p>[\/vc_column_text]<\/div><\/div><\/div>[\/vc_column][\/vc_row][vc_row gap=&#8220;30&#8243; css=&#8220;.vc_custom_1775664485007{margin-top: 3.5em !important;margin-bottom: 2em !important;}&#8220;][vc_column width=&#8220;1\/2&#8243;][vc_column_text css=&#8220;.vc_custom_1754402526311{padding-right: 20px !important;}&#8220;]<\/p>\n<h3 class=\"titleMargB20\">Allgemeines \u00fcber Photovoltaik-Module<\/h3>\n<p>Bei der Photovoltaik wird Sonnenlicht direkt in elektrischen Strom umgewandelt. Der wichtigste Bestandteil einer Anlage ist das Modul mit den in sich verschalteten Zellen. PV Module gibt es als monokristalline, polykristalline oder als D\u00fcnnschichtmodule.<\/p>\n<p>Monokristalline Module enthalten Solarzellen, die aus einem einzigen Siliziumkristall bestehen. Dies ist der Grund f\u00fcr den hohen Wirkungsgrad. Zu erkennen sind diese Module an ihrer einheitlichen Farbe und den achteckigen Zellen.<\/p>\n<p>Polykristalline Module enthalten Solarzellen, die aus verschiedene Siliziumkristallen verschmolzen sind. Man erkennt die Zellen an der uneinheitlichen Farbstruktur. Polykristalline Module hatten immer einen etwas geringeren Wirkungsgrad. Jedoch gibt es heute auch polykristalline Module, die an den Wirkungsgrad der monokristallinen heranreichen.<\/p>\n<p>Neben den kristallinen Solarzellen werden D\u00fcnnschichtsolarzellen (amorphes Silizium, CIS- oder Cadmium Tellurid-Zellen) angeboten. Diese haben geringere Wirkungsgrade als kristalline Zellen, besitzen jedoch vielf\u00e4ltige Vorteile. Ihre Produktion ist kosteneffizienter und verbraucht weniger Material und Energie. Des weiteren haben sie einen sehr guten Temperaturkoefizient und ein sehr gutes Schwachlichtverhalten. D\u00fcnnschichtmodule eignen sich z.B. f\u00fcr gro\u00dfe D\u00e4cher mit flachen Neigungen.<\/p>\n<p>Wir haben in allen Kategorien sehr hohe Qualit\u00e4tsma\u00dfst\u00e4be und setzen nur Module von gro\u00dfen, zuverl\u00e4ssigen Modulherstellern ein.<\/p>\n<p>Aufgrund der langen Laufzeit einer PV-Anlage ist die Qualit\u00e4t der Module ein entscheidender Faktor f\u00fcr den langfristigen Nutzen sowie die Rentabilit\u00e4t der Anlage.[\/vc_column_text][vc_empty_space height=&#8220;2em&#8220;][vc_column_text css=&#8220;.vc_custom_1754402589859{padding-top: 10px !important;padding-right: 20px !important;padding-bottom: 10px !important;padding-left: 20px !important;background-color: #F1F1F1 !important;}&#8220; el_class=&#8220;hinweisBox&#8220;]Hinweis: Die Wahl der optimalen Module f\u00fcr eine PV-Anlage ist von einer Reihe verschiedener Faktoren abh\u00e4ngig. Die Liste auf der rechten Seite stellt daher nur eine Auswahl unterschiedlicher Modultypen \/ Hersteller dar, mit denen wir gute Erfahrungen gemacht haben.[\/vc_column_text][\/vc_column][vc_column width=&#8220;1\/2&#8243; el_class=&#8220;rightInfoCol&#8220;][vc_column_text css=&#8220;&#8220;]<\/p>\n<h3 class=\"titleMargB20\">Unsere Partner<\/h3>\n<p><a href=\"https:\/\/www.axitecsolar.com\/de\/solarmodule.html\" target=\"_blank\" rel=\"noopener\"><img decoding=\"async\" class=\"alignnone logoIMG\" src=\"https:\/\/eks-solar.de\/eks-update\/wp-content\/uploads\/2018\/12\/Logo-Axitec.jpg\" alt=\"\" width=\"140\" \/><\/a>[\/vc_column_text][vc_column_text css=&#8220;.vc_custom_1544128966234{padding-top: 2em !important;padding-bottom: 3em !important;}&#8220;]Kontaktieren Sie uns gerne, wenn Sie weitere Informationen \u00fcber PV-Module und die von uns eingesetzten Produkte w\u00fcnschen&#8230;[\/vc_column_text]<div role=\"form\" class=\"wpcf7\" id=\"wpcf7-f271-o1\" lang=\"de-DE\" dir=\"ltr\">\n<div class=\"screen-reader-response\"><p role=\"status\" aria-live=\"polite\" aria-atomic=\"true\"><\/p> <ul><\/ul><\/div>\n<form action=\"\/eks-update\/wp-json\/wp\/v2\/pages\/12#wpcf7-f271-o1\" method=\"post\" class=\"wpcf7-form init\" novalidate=\"novalidate\" data-status=\"init\">\n<div style=\"display: none;\">\n<input type=\"hidden\" name=\"_wpcf7\" value=\"271\" \/>\n<input type=\"hidden\" name=\"_wpcf7_version\" value=\"5.6.4\" \/>\n<input type=\"hidden\" name=\"_wpcf7_locale\" value=\"de_DE\" \/>\n<input type=\"hidden\" name=\"_wpcf7_unit_tag\" value=\"wpcf7-f271-o1\" \/>\n<input type=\"hidden\" name=\"_wpcf7_container_post\" value=\"0\" \/>\n<input type=\"hidden\" name=\"_wpcf7_posted_data_hash\" value=\"\" \/>\n<\/div>\n<span class=\"wpcf7-form-control-wrap\" data-name=\"your-name\"><input type=\"text\" name=\"your-name\" value=\"\" size=\"40\" class=\"wpcf7-form-control wpcf7-text wpcf7-validates-as-required\" aria-required=\"true\" aria-invalid=\"false\" placeholder=\"Ihr Name*\" \/><\/span>\n\n<span class=\"wpcf7-form-control-wrap\" data-name=\"your-email\"><input type=\"email\" name=\"your-email\" value=\"\" size=\"40\" class=\"wpcf7-form-control wpcf7-text wpcf7-email wpcf7-validates-as-required wpcf7-validates-as-email\" aria-required=\"true\" aria-invalid=\"false\" placeholder=\"E-Mail-Adresse*\" \/><\/span>\n\n<span class=\"wpcf7-form-control-wrap\" data-name=\"tel-696\"><input type=\"text\" name=\"tel-696\" value=\"\" size=\"40\" class=\"wpcf7-form-control wpcf7-text\" aria-invalid=\"false\" placeholder=\"Telefon (optional)\" \/><\/span>\n\n<div style=\"height: 10px;\"><!-- Spacer --><\/div>\nIhre Nachricht an uns\n<span class=\"wpcf7-form-control-wrap\" data-name=\"your-message\"><textarea name=\"your-message\" cols=\"40\" rows=\"7\" class=\"wpcf7-form-control wpcf7-textarea\" aria-invalid=\"false\"><\/textarea><\/span>\n\n<span id=\"wpcf7-69e74c3e76610-wrapper\" class=\"wpcf7-form-control-wrap product-700-wrap\" ><label for=\"wpcf7-69e74c3e76610-field\" class=\"hp-message\">Bitte lasse dieses Feld leer.<\/label><input id=\"wpcf7-69e74c3e76610-field\"  class=\"wpcf7-form-control wpcf7-text\" type=\"text\" name=\"product-700\" value=\"\" size=\"40\" tabindex=\"-1\" autocomplete=\"new-password\" \/><\/span>\n\n<span class=\"wpcf7-form-control-wrap\" data-name=\"dsgvo-consent\"><span class=\"wpcf7-form-control wpcf7-acceptance\"><span class=\"wpcf7-list-item\"><label><input type=\"checkbox\" name=\"dsgvo-consent\" value=\"1\" aria-invalid=\"false\" \/><span class=\"wpcf7-list-item-label\">Ich akzeptiere die <a href=\"https:\/\/eks-solar.de\/eks-update\/datenschutzerklaerung\/\" rel=\"nofollow\">Datenschutzerkl\u00e4rung<\/a>.<\/span><\/label><\/span><\/span><\/span> \n\n<input type=\"submit\" value=\"Nachricht senden\" class=\"wpcf7-form-control has-spinner wpcf7-submit\" \/><div class=\"wpcf7-response-output\" aria-hidden=\"true\"><\/div><\/form><\/div>[\/vc_column][\/vc_row]<\/p>\n<\/div>","protected":false},"excerpt":{"rendered":"<p>[vc_row full_width=&#8220;stretch_row_content_no_spaces&#8220;][vc_column][\/vc_column][\/vc_row][vc_row gap=&#8220;30&#8243; css=&#8220;.vc_custom_1775664485007{margin-top: 3.5em !important;margin-bottom: 2em !important;}&#8220;][vc_column width=&#8220;1\/2&#8243;][vc_column_text css=&#8220;.vc_custom_1754402526311{padding-right: 20px !important;}&#8220;] Allgemeines \u00fcber Photovoltaik-Module Bei der Photovoltaik wird Sonnenlicht direkt in elektrischen Strom umgewandelt. Der wichtigste Bestandteil einer Anlage ist das Modul mit den in sich verschalteten Zellen. PV Module gibt es als monokristalline, polykristalline oder als D\u00fcnnschichtmodule. Monokristalline Module enthalten Solarzellen, die aus [&hellip;]<\/p>\n","protected":false},"author":2,"featured_media":102,"parent":0,"menu_order":20,"comment_status":"open","ping_status":"closed","template":"","meta":{"footnotes":""},"class_list":["post-12","page","type-page","status-publish","has-post-thumbnail","hentry"],"_links":{"self":[{"href":"https:\/\/eks-solar.de\/eks-update\/wp-json\/wp\/v2\/pages\/12","targetHints":{"allow":["GET"]}}],"collection":[{"href":"https:\/\/eks-solar.de\/eks-update\/wp-json\/wp\/v2\/pages"}],"about":[{"href":"https:\/\/eks-solar.de\/eks-update\/wp-json\/wp\/v2\/types\/page"}],"author":[{"embeddable":true,"href":"https:\/\/eks-solar.de\/eks-update\/wp-json\/wp\/v2\/users\/2"}],"replies":[{"embeddable":true,"href":"https:\/\/eks-solar.de\/eks-update\/wp-json\/wp\/v2\/comments?post=12"}],"version-history":[{"count":45,"href":"https:\/\/eks-solar.de\/eks-update\/wp-json\/wp\/v2\/pages\/12\/revisions"}],"predecessor-version":[{"id":2298,"href":"https:\/\/eks-solar.de\/eks-update\/wp-json\/wp\/v2\/pages\/12\/revisions\/2298"}],"wp:featuredmedia":[{"embeddable":true,"href":"https:\/\/eks-solar.de\/eks-update\/wp-json\/wp\/v2\/media\/102"}],"wp:attachment":[{"href":"https:\/\/eks-solar.de\/eks-update\/wp-json\/wp\/v2\/media?parent=12"}],"curies":[{"name":"wp","href":"https:\/\/api.w.org\/{rel}","templated":true}]}}