{"id":1981,"date":"2026-01-15T14:41:27","date_gmt":"2026-01-15T13:41:27","guid":{"rendered":"https:\/\/eks-solar.de\/eks-update\/?page_id=1981"},"modified":"2026-04-09T11:04:17","modified_gmt":"2026-04-09T09:04:17","slug":"agri-pv-anlagen","status":"publish","type":"page","link":"https:\/\/eks-solar.de\/eks-update\/unternehmen\/agri-pv-anlagen\/","title":{"rendered":"AGRI-PV-Anlagen"},"content":{"rendered":"<div class=\"wpb-content-wrapper\"><p>[vc_row full_width=&#8220;stretch_row_content_no_spaces&#8220;][vc_column]<div class=\"sc_parallax sc_parallax_reverse_no\" style=\"color:#ffffff;background-color:#1069B9;\" data-parallax-speed=\"0.3\" data-parallax-x-pos=\"50%\" data-parallax-y-pos=\"50%\"><div class=\"sc_parallax_content\" style=\"background-image:url(https:\/\/eks-solar.de\/eks-update\/wp-content\/uploads\/2025\/08\/BG-Page-Title-PV-Module.jpg); background-position:50% 50%;\"><div class=\"sc_content content_wrap\">[vc_column_text css=&#8220;&#8220;]<\/p>\n<h1 class=\"pageTitle\">AGRI-PV-Anlagen<\/h1>\n<p>[\/vc_column_text]<\/div><\/div><\/div>[\/vc_column][\/vc_row][vc_row full_width=&#8220;stretch_row&#8220; gap=&#8220;35&#8243; css=&#8220;.vc_custom_1775720322358{margin-top: 3.5em !important;}&#8220; el_class=&#8220;contentBlock2&#8243;][vc_column]<div class=\"sc_content content_wrap scheme_original\"><div class=\"columns_wrap sc_columns columns_nofluid nodark_section_columns sc_columns_count_2 twoColumn\" style=\"````\"><div class=\"column-1_2 sc_column_item sc_column_item_1 odd first\">[vc_column_text css=&#8220;.vc_custom_1768490915704{padding-right: 20px !important;}&#8220;]<\/p>\n<h3 class=\"titleMargB20\">Jetzt doppelt ernten&#8230;<\/h3>\n<blockquote><p>\u201eMit AGRI-PV-Anlagen ernten Sie doppelt auf Ihren Nutzfl\u00e4chen und sichern sich ein Zweiteinkommen.\u201c<\/p><\/blockquote>\n<p>[\/vc_column_text][vc_empty_space height=&#8220;35px&#8220;][vc_column_text css=&#8220;.vc_custom_1768484953123{padding-right: 20px !important;}&#8220;]AGRI-Photovoltaik-Anlagen sind eine relativ neue, innovative L\u00f6sung. Die Installation einer AGRI PV-Anlage auf landwirtschaftlichen Nutzfl\u00e4chen erm\u00f6glicht die gleichzeitige Nutzung derselben Fl\u00e4che f\u00fcr den Anbau von Pflanzen und die Erzeugung von Solarstrom. Dadurch wird ein zus\u00e4tzliches Zweiteinkommen generiert, unabh\u00e4ngig vom landwirtschaftlichen Ertrag.<\/p>\n<p>Technisch k\u00f6nnen dabei zwei Varianten realisiert werden. Vertikale Systeme (Module stehen senkrecht auf dem Feld wie im Bild dargestellt) bei denen zwischen den Reihen weiterhin Ackerbau m\u00f6glich ist. Oder alternativ aufgest\u00e4nderte Systeme, wobei die Module hoch \u00fcber den Pflanzen angebracht werden, sodass Maschinen und Menschen darunter arbeiten k\u00f6nnen.[\/vc_column_text]<\/div><div class=\"column-1_2 sc_column_item sc_column_item_2 even\">[vc_empty_space height=&#8220;35px&#8220;]<figure class=\"sc_image  sc_image_shape_square\"><img decoding=\"async\" src=\"https:\/\/eks-solar.de\/eks-update\/wp-content\/uploads\/2026\/01\/Teaser-Image-Agri-PV.jpg\" alt=\"\" \/><\/figure><\/div><\/div><\/div>[vc_empty_space height=&#8220;2em&#8220;][\/vc_column][\/vc_row][vc_row full_width=&#8220;stretch_row&#8220; gap=&#8220;35&#8243; css=&#8220;.vc_custom_1768474071967{margin-top: 1em !important;}&#8220; el_class=&#8220;contentBlock2&#8243;][vc_column]<div class=\"sc_content content_wrap scheme_original\"><div class=\"columns_wrap sc_columns columns_nofluid nodark_section_columns sc_columns_count_2 twoColumn\" style=\"````\"><div class=\"column-1_2 sc_column_item sc_column_item_1 odd first\">[vc_gallery interval=&#8220;3&#8243; images=&#8220;1993&#8243; img_size=&#8220;large&#8220; css=&#8220;&#8220;]<\/div><div class=\"column-1_2 sc_column_item sc_column_item_2 even\">[vc_column_text css=&#8220;.vc_custom_1775725455659{margin-left: 30px !important;}&#8220;]<\/p>\n<h3 class=\"medCap\"><strong>Ihre Vorteile<\/strong><\/h3>\n<ul>\n<li><strong>Fl\u00e4cheneffizienz:<\/strong> Landwirtschaftliche Fl\u00e4chen werden nicht ausschlie\u00dflich f\u00fcr Energiegewinnung blockiert, sondern bleiben weiterhin f\u00fcr den Anbau nutzbar.<\/li>\n<li><strong>Klimaschutz:<\/strong> AGRI-PV tr\u00e4gt zur Energiewende bei, da sie erneuerbare Stromproduktion mit Landwirtschaft kombiniert.<\/li>\n<li><strong>F\u00f6rderung:<\/strong> In Deutschland gilt, dass mindestens 85 % der Fl\u00e4che weiterhin landwirtschaftlich genutzt werden m\u00fcssen, damit sie f\u00f6rderf\u00e4hig bleibt.<\/li>\n<li><strong>Synergien:<\/strong> PV-Module k\u00f6nnen Pflanzen vor starker Sonneneinstrahlung, Hagel oder Starkregen sch\u00fctzen und so die Ertr\u00e4ge stabilisieren.<\/li>\n<\/ul>\n<p>[\/vc_column_text]<\/div><\/div><\/div>[vc_empty_space height=&#8220;2em&#8220;][\/vc_column][\/vc_row][vc_row content_placement=&#8220;middle&#8220; el_class=&#8220;call2Action&#8220;][vc_column]<div class=\"sc_content content_wrap\" style=\"margin-top:2em !important;margin-bottom:4em !important;\">[vc_empty_space height=&#8220;1.2em&#8220;]<h3 class=\"sc_title sc_title_regular sc_align_left styling2\" style=\"margin-bottom:0.2em;margin-left:40px;text-align:left;\">Starten Sie jetzt mit uns die Planung Ihrer AGRI-PV-Anlage<\/h3>[vc_column_text css=&#8220;.vc_custom_1768491598049{margin-left: 40px !important;}&#8220;]Ihre landwirtschaftliche Nutzfl\u00e4che bleibt erhalten, Hagel und Starkregenschutz sind inklusive. Durch ein vereinfachtes Genehmigungsverfahren ist eine schnelle Realisierung m\u00f6glich. Je fr\u00fcher Sie einsteigen, desto eher k\u00f6nnen Sie profitieren. Wir \u00fcberzeugen Sie gerne von den Vorteilen![\/vc_column_text]<\/div><div class=\"columns_wrap sc_columns columns_nofluid nodark_section_columns sc_columns_count_2\" style=\"````margin-right:40px;margin-left:40px;\"><div class=\"column-1_2 sc_column_item sc_column_item_1 odd first\">[vc_column_text css=&#8220;&#8220;]<\/p>\n<h6 style=\"text-align: left;\">Senden Sie uns einfach eine kurze Beschreibung Ihres Vorhabens oder soweit vorhanden einige Angaben zur gew\u00fcnschten Anlage. Dann legen wir los&#8230;<\/h6>\n<p>[\/vc_column_text][vc_empty_space height=&#8220;20px&#8220;]<\/div><div class=\"column-1_2 sc_column_item sc_column_item_2 even\">[vc_column_text css=&#8220;&#8220;]<div role=\"form\" class=\"wpcf7\" id=\"wpcf7-f988-o1\" lang=\"de-DE\" dir=\"ltr\">\n<div class=\"screen-reader-response\"><p role=\"status\" aria-live=\"polite\" aria-atomic=\"true\"><\/p> <ul><\/ul><\/div>\n<form action=\"\/eks-update\/wp-json\/wp\/v2\/pages\/1981#wpcf7-f988-o1\" method=\"post\" class=\"wpcf7-form init\" novalidate=\"novalidate\" data-status=\"init\">\n<div style=\"display: none;\">\n<input type=\"hidden\" name=\"_wpcf7\" value=\"988\" \/>\n<input type=\"hidden\" name=\"_wpcf7_version\" value=\"5.6.4\" \/>\n<input type=\"hidden\" name=\"_wpcf7_locale\" value=\"de_DE\" \/>\n<input type=\"hidden\" name=\"_wpcf7_unit_tag\" value=\"wpcf7-f988-o1\" \/>\n<input type=\"hidden\" name=\"_wpcf7_container_post\" value=\"0\" \/>\n<input type=\"hidden\" name=\"_wpcf7_posted_data_hash\" value=\"\" \/>\n<\/div>\n<span class=\"wpcf7-form-control-wrap\" data-name=\"your-name\"><input type=\"text\" name=\"your-name\" value=\"\" size=\"40\" class=\"wpcf7-form-control wpcf7-text wpcf7-validates-as-required\" aria-required=\"true\" aria-invalid=\"false\" placeholder=\"Ihr Name*\" \/><\/span>\n\n<span class=\"wpcf7-form-control-wrap\" data-name=\"your-email\"><input type=\"email\" name=\"your-email\" value=\"\" size=\"40\" class=\"wpcf7-form-control wpcf7-text wpcf7-email wpcf7-validates-as-required wpcf7-validates-as-email\" aria-required=\"true\" aria-invalid=\"false\" placeholder=\"E-Mail-Adresse*\" \/><\/span>\n\n<span class=\"wpcf7-form-control-wrap\" data-name=\"tel-696\"><input type=\"text\" name=\"tel-696\" value=\"\" size=\"40\" class=\"wpcf7-form-control wpcf7-text\" aria-invalid=\"false\" placeholder=\"Telefon (optional)\" \/><\/span>\n\n<div style=\"height: 10px;\"><!-- Spacer --><\/div>\n\n<label> Ihre Anfrage\n    <span class=\"wpcf7-form-control-wrap\" data-name=\"your-message\"><textarea name=\"your-message\" cols=\"40\" rows=\"7\" class=\"wpcf7-form-control wpcf7-textarea\" aria-invalid=\"false\" placeholder=\"Beschreiben Sie hier die Eckdaten Ihrer Anlage...\"><\/textarea><\/span> <\/label>\n\n<span id=\"wpcf7-69e72d3803a62-wrapper\" class=\"wpcf7-form-control-wrap general-123-wrap\" ><label for=\"wpcf7-69e72d3803a62-field\" class=\"hp-message\">Bitte lasse dieses Feld leer.<\/label><input id=\"wpcf7-69e72d3803a62-field\"  class=\"wpcf7-form-control wpcf7-text\" type=\"text\" name=\"general-123\" value=\"\" size=\"40\" tabindex=\"-1\" autocomplete=\"new-password\" \/><\/span>\n\n<span class=\"wpcf7-form-control-wrap\" data-name=\"dsgvo-consent\"><span class=\"wpcf7-form-control wpcf7-acceptance\"><span class=\"wpcf7-list-item\"><label><input type=\"checkbox\" name=\"dsgvo-consent\" value=\"1\" aria-invalid=\"false\" \/><span class=\"wpcf7-list-item-label\">Ich akzeptiere die <a href=\"https:\/\/eks-solar.de\/eks-update\/datenschutzerklaerung\/\" rel=\"nofollow\">Datenschutzerkl\u00e4rung<\/a>.<\/span><\/label><\/span><\/span><\/span> \n\n<input type=\"submit\" value=\"Anfrage senden\" class=\"wpcf7-form-control has-spinner wpcf7-submit\" \/><div class=\"wpcf7-response-output\" aria-hidden=\"true\"><\/div><\/form><\/div>[\/vc_column_text][vc_empty_space height=&#8220;20px&#8220;]<\/div><\/div>[vc_empty_space height=&#8220;2em&#8220;][\/vc_column][\/vc_row][vc_row disable_element=&#8220;yes&#8220; el_class=&#8220;hide-on-all&#8220;][vc_column]<div class=\"sc_content content_wrap\" style=\"margin-top:2em !important;margin-bottom:4em !important;\">[vc_empty_space height=&#8220;1.2em&#8220;]<h3 class=\"sc_title sc_title_regular sc_align_center styling2\" style=\"margin-bottom:0.2em;text-align:center;\">Das EKS Solartechnik TEAM<\/h3><\/div><div class=\"columns_wrap sc_columns columns_nofluid nodark_section_columns sc_columns_count_3\" style=\"margin-right:40px;margin-left:40px;\"><div class=\"column-1_3 sc_column_item sc_column_item_1 odd first\">[vc_column_text]<img decoding=\"async\" src=\"https:\/\/eks-solar.de\/eks-update\/wp-content\/uploads\/2018\/12\/eks-team-01.jpg\" alt=\"Harald Schmieg, Gesch\u00e4ftsf\u00fchrer\" width=\"100%\" \/><\/p>\n<h4 style=\"text-align: center;\">Harald Schmieg<\/h4>\n<p style=\"text-align: center;\">Gesch\u00e4ftsf\u00fchrer<\/p>\n<p>[\/vc_column_text][vc_empty_space height=&#8220;20px&#8220;]<\/div><div class=\"column-1_3 sc_column_item sc_column_item_2 even\">[vc_column_text]<img decoding=\"async\" src=\"https:\/\/eks-solar.de\/eks-update\/wp-content\/uploads\/2018\/12\/eks-team-02.jpg\" alt=\"Martin Heppner, Projektleiter\" width=\"100%\" \/><\/p>\n<h4 style=\"text-align: center;\">Martin Heppner<\/h4>\n<p style=\"text-align: center;\">Projektleiter<\/p>\n<p>[\/vc_column_text][vc_empty_space height=&#8220;20px&#8220;]<\/div><div class=\"column-1_3 sc_column_item sc_column_item_3 odd\">[vc_column_text]<img decoding=\"async\" src=\"https:\/\/eks-solar.de\/eks-update\/wp-content\/uploads\/2018\/12\/eks-team-03.jpg\" alt=\"Heidrun Fischer\" width=\"100%\" \/><\/p>\n<h4 style=\"text-align: center;\">Heidrun Fischer<\/h4>\n<p style=\"text-align: center;\">Assistenz der Gesch\u00e4ftsleitung<\/p>\n<p>[\/vc_column_text][vc_empty_space height=&#8220;20px&#8220;]<\/div><\/div>[vc_empty_space height=&#8220;2em&#8220;][\/vc_column][\/vc_row][vc_row][vc_column][\/vc_column][\/vc_row]<\/p>\n<\/div>","protected":false},"excerpt":{"rendered":"<p>[vc_row full_width=&#8220;stretch_row_content_no_spaces&#8220;][vc_column][\/vc_column][\/vc_row][vc_row full_width=&#8220;stretch_row&#8220; gap=&#8220;35&#8243; css=&#8220;.vc_custom_1775720322358{margin-top: 3.5em !important;}&#8220; el_class=&#8220;contentBlock2&#8243;][vc_column][vc_empty_space height=&#8220;2em&#8220;][\/vc_column][\/vc_row][vc_row full_width=&#8220;stretch_row&#8220; gap=&#8220;35&#8243; css=&#8220;.vc_custom_1768474071967{margin-top: 1em !important;}&#8220; el_class=&#8220;contentBlock2&#8243;][vc_column][vc_empty_space height=&#8220;2em&#8220;][\/vc_column][\/vc_row][vc_row content_placement=&#8220;middle&#8220; el_class=&#8220;call2Action&#8220;][vc_column][vc_empty_space height=&#8220;2em&#8220;][\/vc_column][\/vc_row][vc_row disable_element=&#8220;yes&#8220; el_class=&#8220;hide-on-all&#8220;][vc_column][vc_empty_space height=&#8220;2em&#8220;][\/vc_column][\/vc_row][vc_row][vc_column][\/vc_column][\/vc_row]<\/p>\n","protected":false},"author":1,"featured_media":0,"parent":13,"menu_order":30,"comment_status":"open","ping_status":"closed","template":"","meta":{"footnotes":""},"class_list":["post-1981","page","type-page","status-publish","hentry"],"_links":{"self":[{"href":"https:\/\/eks-solar.de\/eks-update\/wp-json\/wp\/v2\/pages\/1981","targetHints":{"allow":["GET"]}}],"collection":[{"href":"https:\/\/eks-solar.de\/eks-update\/wp-json\/wp\/v2\/pages"}],"about":[{"href":"https:\/\/eks-solar.de\/eks-update\/wp-json\/wp\/v2\/types\/page"}],"author":[{"embeddable":true,"href":"https:\/\/eks-solar.de\/eks-update\/wp-json\/wp\/v2\/users\/1"}],"replies":[{"embeddable":true,"href":"https:\/\/eks-solar.de\/eks-update\/wp-json\/wp\/v2\/comments?post=1981"}],"version-history":[{"count":17,"href":"https:\/\/eks-solar.de\/eks-update\/wp-json\/wp\/v2\/pages\/1981\/revisions"}],"predecessor-version":[{"id":2351,"href":"https:\/\/eks-solar.de\/eks-update\/wp-json\/wp\/v2\/pages\/1981\/revisions\/2351"}],"up":[{"embeddable":true,"href":"https:\/\/eks-solar.de\/eks-update\/wp-json\/wp\/v2\/pages\/13"}],"wp:attachment":[{"href":"https:\/\/eks-solar.de\/eks-update\/wp-json\/wp\/v2\/media?parent=1981"}],"curies":[{"name":"wp","href":"https:\/\/api.w.org\/{rel}","templated":true}]}}