{"id":3,"date":"2018-11-13T09:42:35","date_gmt":"2018-11-13T08:42:35","guid":{"rendered":"http:\/\/neu.eks-solar.de\/cms\/?page_id=3"},"modified":"2025-12-17T12:24:35","modified_gmt":"2025-12-17T11:24:35","slug":"datenschutzerklaerung","status":"publish","type":"page","link":"https:\/\/eks-solar.de\/eks-update\/datenschutzerklaerung\/","title":{"rendered":"Datenschutzerkl\u00e4rung"},"content":{"rendered":"<div class=\"wpb-content-wrapper\"><p>[vc_row][vc_column width=&#8220;3\/4&#8243;][vc_column_text css=&#8220;&#8220;]Wir, EKS Solartechnik GmbH nehmen den Schutz Ihrer pers\u00f6nlichen Daten sehr ernst und halten uns strikt an die Regeln der Datenschutzgesetze. Personenbezogene Daten werden auf dieser Webseite nur im technisch notwendigen Umfang erhoben. In keinem Fall werden die erhobenen Daten verkauft oder aus anderen Gr\u00fcnden an Dritte weitergegeben.<\/p>\n<p>Die nachfolgende Erkl\u00e4rung gibt Ihnen einen \u00dcberblick dar\u00fcber, wie wir diesen Schutz gew\u00e4hrleisten und welche Art von Daten zu welchem Zweck erhoben werden.<\/p>\n<p><strong>Datenverarbeitung auf dieser Internetseite<\/strong><br \/>\nEKS Solartechnik erhebt und speichert automatisch in ihren Server Log Files Informationen, die Ihr Browser an uns \u00fcbermittelt. Dies sind:<\/p>\n<p>\u2022 Browsertyp\/ -version<br \/>\n\u2022 verwendetes Betriebssystem<br \/>\n\u2022 Referrer URL (die zuvor besuchte Seite)<br \/>\n\u2022 Hostname des zugreifenden Rechners (IP Adresse)<br \/>\n\u2022 Uhrzeit der Serveranfrage.<br \/>\nDiese Daten k\u00f6nnen von uns nicht bestimmten Personen zugeordnet werden. Eine Zusammenf\u00fchrung dieser Daten mit anderen Datenquellen wird nicht vorgenommen, die Daten werden zudem nach einer statistischen Auswertung gel\u00f6scht.<\/p>\n<p><strong>Cookies<\/strong><br \/>\nWir verwenden in unserer Website an mehreren Stellen so genannte Cookies. Sie dienen dazu, unser Angebot nutzerfreundlicher, effektiver und sicherer zu machen. Cookies sind kleine Textdateien, die auf Ihrem Rechner abgelegt werden und die Ihr Browser speichert. Cookies richten auf Ihrem Rechner keinen Schaden an und enthalten keine Viren. Auf dieser Website sind Cookies f\u00fcr eine optimale Bereitstellung des Informationsangebots im Einsatz. Einige Cookies sind essentiell f\u00fcr die Funktion und Nutzung der Website. Dar\u00fcber hinaus sind externe Dienste wie Google Maps und Youtube im Einsatz. Diese Dienste erweitern den Funktionsumfang der Website und erm\u00f6glichen uns die Darstellung informativer Inhalte auf unserer Internetpr\u00e4senz. Die Cookies der externen Dienste sind nicht unbedingt erforderlich und k\u00f6nnen deaktiviert werden. Einige Funktionen wie die Anzeige der Standortkarte ist bei Deaktivierung jedoch nicht m\u00f6glich. Sie k\u00f6nnen die Cookie Einstellungen jederzeit \u00fcber den folgenden Link anpassen: <a role='button' tabindex='0' class=\"cli_settings_button\">Einstellungen<\/a><\/p>\n<p>Ihr Browser kann auch grunds\u00e4tzlich so eingestellt werden, dass Sie \u00fcber Cookies informiert werden und die Annahme von Cookies generell oder in Einzelf\u00e4llen erlauben oder generell ausschlie\u00dfen.<br \/>\nSie k\u00f6nnen Cookies \u00fcber Ihre Browsereinstellungen jederzeit l\u00f6schen. Bei der generellen Deaktivierung von Cookies kann die Funktionalit\u00e4t dieser Website evtl. eingeschr\u00e4nkt sein.<\/p>\n<p><strong>Youtube Videos<\/strong><br \/>\nDiese Website nutzt die Einbettungsfunktion zur Anzeige und Wiedergabe von Videos des Anbieters \u201eYoutube\u201c, der zu der Google Ireland Limited, Gordon House, 4 Barrow St, Dublin, D04 E5W5, Irland (\u201eGoogle\u201c) geh\u00f6rt.<br \/>\nHierbei wird der erweiterte Datenschutzmodus verwendet, der nach Anbieterangaben eine Speicherung von Nutzerinformationen erst bei Wiedergabe des\/der Videos in Gang setzt. Wird die Wiedergabe eingebetteter Youtube-Videos gestartet, setzt der Anbieter \u201eYoutube\u201c Cookies ein, um Informationen \u00fcber das Nutzerverhalten zu sammeln. Hinweisen von \u201eYoutube\u201c zufolge dienen diese unter anderem dazu, Videostatistiken zu erfassen, die Nutzerfreundlichkeit zu verbessern und missbr\u00e4uchliche Handlungsweisen zu unterbinden. Wenn Sie bei Google eingeloggt sind, werden Ihre Daten direkt Ihrem Konto zugeordnet, wenn Sie ein Video anklicken. Wenn Sie die Zuordnung mit Ihrem Profil bei YouTube nicht w\u00fcnschen, m\u00fcssen Sie sich vor Aktivierung des Buttons ausloggen. Google speichert Ihre Daten (selbst f\u00fcr nicht eingeloggte Nutzer) als Nutzungsprofile und wertet diese aus. Eine solche Auswertung erfolgt insbesondere gem\u00e4\u00df Art. 6 Abs. 1 lit. f DSGVO auf Basis der berechtigten Interessen von Google an der Einblendung personalisierter Werbung, Marktforschung und\/oder bedarfsgerechten Gestaltung seiner Website. Ihnen steht ein Widerspruchsrecht zu gegen die Bildung dieser Nutzerprofile, wobei Sie sich zur Aus\u00fcbung dessen an YouTube richten m\u00fcssen. Im Rahmen der Nutzung von Youtube kann es auch zu einer \u00dcbermittlung von personenbezogenen Daten an die Server der Google LLC. in den USA kommen.<br \/>\nUnabh\u00e4ngig von einer Wiedergabe der eingebetteten Videos wird bei jedem Aufruf dieser Website eine Verbindung zum Google-Netzwerk aufgenommen, was ohne unseren Einfluss weitere Datenverarbeitungsvorg\u00e4nge ausl\u00f6sen kann.<\/p>\n<p>F\u00fcr den Fall der \u00dcbermittlung von personenbezogenen Daten an die Google LLC. mit Sitz in den USA, hat sich Google LLC. f\u00fcr das us-europ\u00e4ische Datenschutz\u00fcbereinkommen \u201ePrivacy Shield\u201c zertifiziert, welches die Einhaltung des in der EU geltenden Datenschutzniveaus gew\u00e4hrleistet. Ein aktuelles Zertifikat kann hier eingesehen werden: https:\/\/www.privacyshield.gov\/list<br \/>\nWeitere Informationen zum Datenschutz bei \u201eYouTube\u201c finden Sie in der Datenschutzerkl\u00e4rung des Anbieters unter: https:\/\/www.google.de\/intl\/de\/policies\/privacy<\/p>\n<p>Mit der Nutzung unserer Website und der dort eingebetteten Videos erkl\u00e4ren Sie sich mit den og. Datenschutzbestimmungen einverstanden.<\/p>\n<p><strong>Google Maps<\/strong><br \/>\nAuf unserer Website (in der Seite \u201eKontakt\u201c) verwenden wir Google Maps zur Darstellung einer interaktiven Karte. Google Maps ist ein Kartendienst von Google Inc., 1600 Amphitheatre Parkway, Mountain View, California 94043, USA.<br \/>\nDurch die Nutzung von Google Maps k\u00f6nnen Informationen \u00fcber die Benutzung dieser Webseite einschlie\u00dflich Ihrer IP-Adresse und der im Rahmen der Routenplanerfunktion eingegebenen Start-Adresse an Google in den USA \u00fcbertragen werden. Wenn Sie die Karte in unserem Internetauftritt nutzen, baut Ihr Browser eine direkte Verbindung mit den Servern von Google auf. Der Karteninhalt wird von Google direkt an Ihren Server \u00fcbermittelt und von diesem in die Webseite eingebunden. Daher haben wir keinen Einfluss auf den Umfang der auf diese Weise von Google erhobenen Daten. Entsprechend unserem Kenntnisstand sind dies zumindest folgende Daten:<\/p>\n<p>Datum und Uhrzeit des Besuchs auf der betreffenden Webseite<br \/>\nInternetadresse oder URL der aufgerufenen Webseite<br \/>\nIP-Adresse<br \/>\nim Rahmen der Routenplanung eingegebene Start-Anschrift<br \/>\nAuf die weitere Verarbeitung und Nutzung der Daten durch Google haben wir keinen Einfluss und k\u00f6nnen daher hierf\u00fcr keine Verantwortung \u00fcbernehmen. Wenn Sie nicht m\u00f6chten, dass Google \u00fcber unseren Internetauftritt Daten \u00fcber Sie erhebt, verarbeitet oder nutzt, k\u00f6nnen die Karte nicht nutzen.<\/p>\n<p>Zweck und Umfang der Datenerhebung und die weitere Verarbeitung und Nutzung der Daten durch Google sowie Ihre diesbez\u00fcglichen Rechte und Einstellungsm\u00f6glichkeiten zum Schutz Ihrer Privatsph\u00e4re entnehmen Sie bitte den Datenschutzhinweisen von Google. https:\/\/policies.google.com\/privacy?hl=de<\/p>\n<p>Durch Nutzung der interaktiven Standortkarte auf der Seite Kontakt erkl\u00e4ren Sie sich mit der Erfassung, Bearbeitung sowie Nutzung der \u00fcber Sie erhobenen Daten durch Google Maps in der zuvor beschriebenen Art und Weise und zu dem zuvor benannten Zweck einverstanden.<\/p>\n<p><strong>Anfragen<\/strong><br \/>\nPersonenbezogene Daten werden ausschlie\u00dflich zur Beantwortung von Online-Anfragen an unser Unternehmen erhoben. Wir verwenden Ihre Daten nur f\u00fcr die Beantwortung Ihrer Anfrage und die Erbringung unserer Leistungen.<\/p>\n<p><strong>Kontaktm\u00f6glichkeit<\/strong><br \/>\nWir bieten Ihnen auf unserer Seite die M\u00f6glichkeit, per E-Mail oder Kontaktformular mit uns in Verbindung zu treten. In diesem Fall werden die vom Nutzer gemachten Angaben zum Zwecke der Bearbeitung seiner Kontaktaufnahme gespeichert. Eine Weitergabe an Dritte erfolgt nicht.<\/p>\n<p>Wir weisen darauf hin, dass die Daten\u00fcbertragung im Internet (z.B. bei der Kommunikation per E-Mail) u.U. Sicherheitsl\u00fccken aufweisen kann. Ein l\u00fcckenloser Schutz der Daten kann nicht garantiert werden.<\/p>\n<p><strong>Datensicherheit<\/strong><\/p>\n<p>Wir verwenden innerhalb des Website-Besuchs das verbreitete SSL-Verfahren (Secure Socket Layer). In der Regel handelt es sich dabei um eine 256 Bit Verschl\u00fcsselung. Ob eine einzelne Seite unseres Internetauftrittes verschl\u00fcsselt \u00fcbertragen wird, erkennen Sie an der geschlossenen Darstellung des Sch\u00fcssel- beziehungsweise Schloss-Symbols in der unteren Statusleiste Ihres Browsers. Wir bedienen uns im \u00dcbrigen geeigneter technischer und organisatorischer Sicherheitsma\u00dfnahmen, um Ihre Daten gegen zuf\u00e4llige oder vors\u00e4tzliche Manipulationen, teilweisen oder vollst\u00e4ndigen Verlust, Zerst\u00f6rung oder gegen den unbefugten Zugriff Dritter zu sch\u00fctzen. Unsere Sicherheitsma\u00dfnahmen werden entsprechend der technologischen Entwicklung fortlaufend verbessert.<\/p>\n<p><strong>Webstatistik und Webanalyse-Tools<\/strong><br \/>\nDiese Website nutzt derzeit kein Webstatistik- oder Webanalyse-Tool.<\/p>\n<p><strong>Auskunft\/Widerruf\/L\u00f6schung<\/strong><br \/>\nSie k\u00f6nnen sich aufgrund des Bundesdatenschutzgesetzes bei Fragen zur Erhebung, Verarbeitung oder Nutzung Ihrer personenbezogenen Daten und deren Berichtigung, Sperrung, L\u00f6schung oder einem Widerruf einer erteilten Einwilligung unentgeltlich an uns wenden. Wir weisen darauf hin, dass Ihnen ein Recht auf Berichtigung falscher Daten oder L\u00f6schung personenbezogener Daten zusteht, sollte diesem Anspruch keine gesetzliche Aufbewahrungspflicht entgegenstehen.<\/p>\n<p><strong>Name und Anschrift des f\u00fcr die Verarbeitung Verantwortlichen<\/strong><br \/>\nHarald Schmieg<br \/>\nEKS Solartechnik GmbH<br \/>\nHelmstheimer Hof 3<br \/>\n74736 Hardheim-Gerichtstetten<br \/>\nTelefon: 06296 &#8211; 406 99-0<br \/>\nTelefax: 06296 &#8211; 406 99-99<br \/>\nE-Mail: info {ad} eks-solar .de[\/vc_column_text][\/vc_column][vc_column width=&#8220;1\/4&#8243;][\/vc_column][\/vc_row]<\/p>\n<\/div>","protected":false},"excerpt":{"rendered":"<p>[vc_row][vc_column width=&#8220;3\/4&#8243;][vc_column_text css=&#8220;&#8220;]Wir, EKS Solartechnik GmbH nehmen den Schutz Ihrer pers\u00f6nlichen Daten sehr ernst und halten uns strikt an die Regeln der Datenschutzgesetze. Personenbezogene Daten werden auf dieser Webseite nur im technisch notwendigen Umfang erhoben. In keinem Fall werden die erhobenen Daten verkauft oder aus anderen Gr\u00fcnden an Dritte weitergegeben. Die nachfolgende Erkl\u00e4rung gibt Ihnen [&hellip;]<\/p>\n","protected":false},"author":1,"featured_media":0,"parent":0,"menu_order":95,"comment_status":"closed","ping_status":"closed","template":"","meta":{"footnotes":""},"class_list":["post-3","page","type-page","status-publish","hentry"],"_links":{"self":[{"href":"https:\/\/eks-solar.de\/eks-update\/wp-json\/wp\/v2\/pages\/3","targetHints":{"allow":["GET"]}}],"collection":[{"href":"https:\/\/eks-solar.de\/eks-update\/wp-json\/wp\/v2\/pages"}],"about":[{"href":"https:\/\/eks-solar.de\/eks-update\/wp-json\/wp\/v2\/types\/page"}],"author":[{"embeddable":true,"href":"https:\/\/eks-solar.de\/eks-update\/wp-json\/wp\/v2\/users\/1"}],"replies":[{"embeddable":true,"href":"https:\/\/eks-solar.de\/eks-update\/wp-json\/wp\/v2\/comments?post=3"}],"version-history":[{"count":14,"href":"https:\/\/eks-solar.de\/eks-update\/wp-json\/wp\/v2\/pages\/3\/revisions"}],"predecessor-version":[{"id":1569,"href":"https:\/\/eks-solar.de\/eks-update\/wp-json\/wp\/v2\/pages\/3\/revisions\/1569"}],"wp:attachment":[{"href":"https:\/\/eks-solar.de\/eks-update\/wp-json\/wp\/v2\/media?parent=3"}],"curies":[{"name":"wp","href":"https:\/\/api.w.org\/{rel}","templated":true}]}}