{"id":305,"date":"2018-12-07T16:04:14","date_gmt":"2018-12-07T15:04:14","guid":{"rendered":"http:\/\/neu.eks-solar.de\/cms\/?page_id=305"},"modified":"2026-04-09T11:40:14","modified_gmt":"2026-04-09T09:40:14","slug":"speichersysteme","status":"publish","type":"page","link":"https:\/\/eks-solar.de\/eks-update\/speichersysteme\/","title":{"rendered":"Speichersysteme"},"content":{"rendered":"<div class=\"wpb-content-wrapper\"><p>[vc_row full_width=&#8220;stretch_row_content_no_spaces&#8220; el_class=&#8220;pageTitleWrapper&#8220;][vc_column]<div class=\"sc_parallax sc_parallax_reverse_no\" style=\"color:#ffffff;background-color:#1069B9;\" data-parallax-speed=\"0.3\" data-parallax-x-pos=\"50%\" data-parallax-y-pos=\"50%\"><div class=\"sc_parallax_content\" style=\"background-image:url(https:\/\/eks-solar.de\/eks-update\/wp-content\/uploads\/2025\/08\/BG-Page-Title-PV-Module.jpg); background-position:50% 50%;\"><div class=\"sc_content content_wrap\">[vc_column_text]<\/p>\n<h1 class=\"pageTitle\">Speichersysteme<\/h1>\n<p>[\/vc_column_text]<\/div><\/div><\/div>[\/vc_column][\/vc_row][vc_row gap=&#8220;30&#8243; css=&#8220;.vc_custom_1775658614117{margin-top: 3.5em !important;margin-bottom: 2em !important;}&#8220;][vc_column width=&#8220;1\/2&#8243;][vc_column_text css=&#8220;.vc_custom_1775658275427{padding-right: 20px !important;}&#8220;]<\/p>\n<h2 class=\"bigCap\">Batteriespeicher erh\u00f6hen die Anlageneffizienz<\/h2>\n<p>Nutzen Sie Ihre Energie effizienter, indem Sie Ihren Eigenverbrauch mit einem Batteriespeichersystem optimieren. Die tags\u00fcber nicht genutzte \u00fcbersch\u00fcssige Energie wird in einem Stromspeicher gespeichert. Zu den Zeiten, in denen die PV-Anlage keinen Strom mehr produziert, entnehmen Sie Ihre Energie aus diesem Speicher.<\/p>\n<h2 class=\"smallCap\"><strong>Funktionsweise eines Batteriespeichers mit PV-Anlage<\/strong><\/h2>\n<p>Der Solarstrom wird zuerst ins Hausnetz eingespeist. Was nicht sofort ben\u00f6tigt wird, l\u00e4dt den Batteriespeicher. Die gespeicherte Energie wird bei Bedarf dann wieder verf\u00fcgbar gemacht:<\/p>\n<ul>\n<li>Solarmodule erzeugen Gleichstrom (DC)<\/li>\n<li>Der Wechselrichter wandelt ihn in Wechselstrom (AC) f\u00fcr Haushaltsger\u00e4te um<\/li>\n<li>\u00dcbersch\u00fcsse werden in der Batterie zwischengespeichert<\/li>\n<li>Bei Strombedarf wird zuerst die Energie aus dem Batteriespeicher entnommen<\/li>\n<\/ul>\n<p>Ein integriertes Energiemanagement sorgt f\u00fcr optimales Laden und Entladen \u2013 auch im Zusammenspiel mit W\u00e4rmepumpe oder Wallbox.<\/p>\n<h2 class=\"smallCap\"><strong>Was geh\u00f6rt zu einem Batteriespeichersystem?<\/strong><\/h2>\n<p>Ein vollst\u00e4ndiges Speichersystem besteht aus mehreren Komponenten:<\/p>\n<ul>\n<li><strong>Speicher:<\/strong> meist eine Lithium-Ionen-Batterie, die die Energie effizient und langlebig speichert<\/li>\n<li><strong>Wechselrichter:<\/strong> wandelt zwischen Gleich- und Wechselstrom<\/li>\n<li><strong>Batteriemanagement:<\/strong> \u00dcberwacht Lade- und Entladevorg\u00e4nge, sch\u00fctzt vor \u00dcberlastung<\/li>\n<li><strong>Laderegler:<\/strong> Reguliert den Stromfluss zwischen PV-Anlage und Speicher, verhindert Tiefentladung und \u00dcberladung<\/li>\n<li><strong>Energiemanagementsystem:<\/strong> Steuert intelligent, wann Strom gespeichert oder entnommen wird, d. h. koordiniert PV-Erzeugung, Speicher, Verbrauch und Einspeisung<\/li>\n<\/ul>\n<h2 class=\"smallCap\"><strong>Welche Vorteile bietet ein Batteriespeicher?<\/strong><\/h2>\n<p>Ein Batteriespeicher verbessert die Wirtschaftlichkeit der PV-Anlage und bietet mehrere Vorteile:<\/p>\n<ul>\n<li>Erh\u00f6ht den Eigenverbrauchsanteil von Solarstrom<\/li>\n<li>Reduziert die Stromkosten und Netzabh\u00e4ngigkeit<\/li>\n<li>Erm\u00f6glicht Notstromversorgung bei Stromausfall (je nach System)<\/li>\n<li>Tr\u00e4gt zur Stabilisierung des Stromnetzes bei<\/li>\n<\/ul>\n<p><strong>\u201eOhne Speicher geht Ihr ungenutzter Solarstrom direkt ins Netz \u2013 oft mit geringer Verg\u00fctung. Mit einem Speicher k\u00f6nnen Sie ihn selbst nutzen, wenn Sie ihn wirklich brauchen, z. B. abends oder nachts. Das erh\u00f6ht Ihren Eigenverbrauch und Ihren Autarkiegrad deutlich und macht Sie unabh\u00e4ngiger vom Strommarkt\u201c.<\/strong>[\/vc_column_text][vc_empty_space height=&#8220;2em&#8220;][\/vc_column][vc_column width=&#8220;1\/2&#8243; el_class=&#8220;rightInfoCol&#8220;][vc_column_text css=&#8220;&#8220;]<\/p>\n<h3 class=\"titleMargB20\">Unsere Partner<\/h3>\n<p><!-- <a href=\"https:\/\/www.sma.de\/produkte\/stromspeicher\" target=\"_blank\" rel=\"noopener noreferrer\"><img decoding=\"async\" class=\"alignnone logoIMG\" src=\"https:\/\/eks-solar.de\/eks-update\/wp-content\/uploads\/2018\/12\/Logo-SMA.jpg\" alt=\"Logo SMA\" width=\"100\" \/><\/a> <a href=\"https:\/\/axitecsolar.com\/axitec-stromspeicher\/\" target=\"_blank\" rel=\"noopener noreferrer\"><img decoding=\"async\" class=\"alignnone logoIMG\" style=\"padding-top: 7px;\" src=\"https:\/\/eks-solar.de\/eks-update\/wp-content\/uploads\/2018\/12\/Logo-Axitec.jpg\" alt=\"Logo Axitec\" width=\"150\" \/><\/a> <a href=\"https:\/\/www.lgessbattery.com\/de\/home-battery\/product-info.lg\" target=\"_blank\" rel=\"noopener noreferrer\"><img decoding=\"async\" class=\"alignnone logoIMG\" style=\"padding-top: 5px;\" src=\"https:\/\/eks-solar.de\/eks-update\/wp-content\/uploads\/2018\/12\/LG-Chem.jpg\" alt=\"Logo LG\" width=\"180\" \/><\/a>--> <a href=\"https:\/\/bydbatterybox.com\/\" target=\"_blank\" rel=\"noopener noreferrer\"><img decoding=\"async\" class=\"alignnone logoIMG\" style=\"padding-top: 5px;\" src=\"https:\/\/eks-solar.de\/eks-update\/wp-content\/uploads\/2026\/04\/BYD-Logo.jpg\" alt=\"Logo BYD\" width=\"100\" \/><\/a> <a href=\"https:\/\/de.goodwe.com\/energy-storage-solutions\" target=\"_blank\" rel=\"noopener noreferrer\"><img decoding=\"async\" class=\"alignnone logoIMG\" style=\"padding-top: 7px;\" src=\"https:\/\/eks-solar.de\/eks-update\/wp-content\/uploads\/2026\/04\/Goodwe-Logo-1.jpg\" alt=\"Logo Goodwe\" width=\"160\" \/><\/a>[\/vc_column_text][vc_column_text css=&#8220;.vc_custom_1544195156018{padding-top: 2em !important;padding-bottom: 3em !important;}&#8220;]Kontaktieren Sie uns gerne, wenn Sie weitere Informationen zum Thema Speichersysteme f\u00fcr PV-Anlagen w\u00fcnschen&#8230;[\/vc_column_text]<div role=\"form\" class=\"wpcf7\" id=\"wpcf7-f271-o1\" lang=\"de-DE\" dir=\"ltr\">\n<div class=\"screen-reader-response\"><p role=\"status\" aria-live=\"polite\" aria-atomic=\"true\"><\/p> <ul><\/ul><\/div>\n<form action=\"\/eks-update\/wp-json\/wp\/v2\/pages\/305#wpcf7-f271-o1\" method=\"post\" class=\"wpcf7-form init\" novalidate=\"novalidate\" data-status=\"init\">\n<div style=\"display: none;\">\n<input type=\"hidden\" name=\"_wpcf7\" value=\"271\" \/>\n<input type=\"hidden\" name=\"_wpcf7_version\" value=\"5.6.4\" \/>\n<input type=\"hidden\" name=\"_wpcf7_locale\" value=\"de_DE\" \/>\n<input type=\"hidden\" name=\"_wpcf7_unit_tag\" value=\"wpcf7-f271-o1\" \/>\n<input type=\"hidden\" name=\"_wpcf7_container_post\" value=\"0\" \/>\n<input type=\"hidden\" name=\"_wpcf7_posted_data_hash\" value=\"\" \/>\n<\/div>\n<span class=\"wpcf7-form-control-wrap\" data-name=\"your-name\"><input type=\"text\" name=\"your-name\" value=\"\" size=\"40\" class=\"wpcf7-form-control wpcf7-text wpcf7-validates-as-required\" aria-required=\"true\" aria-invalid=\"false\" placeholder=\"Ihr Name*\" \/><\/span>\n\n<span class=\"wpcf7-form-control-wrap\" data-name=\"your-email\"><input type=\"email\" name=\"your-email\" value=\"\" size=\"40\" class=\"wpcf7-form-control wpcf7-text wpcf7-email wpcf7-validates-as-required wpcf7-validates-as-email\" aria-required=\"true\" aria-invalid=\"false\" placeholder=\"E-Mail-Adresse*\" \/><\/span>\n\n<span class=\"wpcf7-form-control-wrap\" data-name=\"tel-696\"><input type=\"text\" name=\"tel-696\" value=\"\" size=\"40\" class=\"wpcf7-form-control wpcf7-text\" aria-invalid=\"false\" placeholder=\"Telefon (optional)\" \/><\/span>\n\n<div style=\"height: 10px;\"><!-- Spacer --><\/div>\nIhre Nachricht an uns\n<span class=\"wpcf7-form-control-wrap\" data-name=\"your-message\"><textarea name=\"your-message\" cols=\"40\" rows=\"7\" class=\"wpcf7-form-control wpcf7-textarea\" aria-invalid=\"false\"><\/textarea><\/span>\n\n<span id=\"wpcf7-69e489b30cd51-wrapper\" class=\"wpcf7-form-control-wrap product-700-wrap\" ><label for=\"wpcf7-69e489b30cd51-field\" class=\"hp-message\">Bitte lasse dieses Feld leer.<\/label><input id=\"wpcf7-69e489b30cd51-field\"  class=\"wpcf7-form-control wpcf7-text\" type=\"text\" name=\"product-700\" value=\"\" size=\"40\" tabindex=\"-1\" autocomplete=\"new-password\" \/><\/span>\n\n<span class=\"wpcf7-form-control-wrap\" data-name=\"dsgvo-consent\"><span class=\"wpcf7-form-control wpcf7-acceptance\"><span class=\"wpcf7-list-item\"><label><input type=\"checkbox\" name=\"dsgvo-consent\" value=\"1\" aria-invalid=\"false\" \/><span class=\"wpcf7-list-item-label\">Ich akzeptiere die <a href=\"https:\/\/eks-solar.de\/eks-update\/datenschutzerklaerung\/\" rel=\"nofollow\">Datenschutzerkl\u00e4rung<\/a>.<\/span><\/label><\/span><\/span><\/span> \n\n<input type=\"submit\" value=\"Nachricht senden\" class=\"wpcf7-form-control has-spinner wpcf7-submit\" \/><div class=\"wpcf7-response-output\" aria-hidden=\"true\"><\/div><\/form><\/div>[\/vc_column][\/vc_row]<\/p>\n<\/div>","protected":false},"excerpt":{"rendered":"<p>[vc_row full_width=&#8220;stretch_row_content_no_spaces&#8220; el_class=&#8220;pageTitleWrapper&#8220;][vc_column][\/vc_column][\/vc_row][vc_row gap=&#8220;30&#8243; css=&#8220;.vc_custom_1775658614117{margin-top: 3.5em !important;margin-bottom: 2em !important;}&#8220;][vc_column width=&#8220;1\/2&#8243;][vc_column_text css=&#8220;.vc_custom_1775658275427{padding-right: 20px !important;}&#8220;] Batteriespeicher erh\u00f6hen die Anlageneffizienz Nutzen Sie Ihre Energie effizienter, indem Sie Ihren Eigenverbrauch mit einem Batteriespeichersystem optimieren. Die tags\u00fcber nicht genutzte \u00fcbersch\u00fcssige Energie wird in einem Stromspeicher gespeichert. Zu den Zeiten, in denen die PV-Anlage keinen Strom mehr produziert, entnehmen Sie Ihre [&hellip;]<\/p>\n","protected":false},"author":2,"featured_media":98,"parent":0,"menu_order":30,"comment_status":"open","ping_status":"closed","template":"","meta":{"footnotes":""},"class_list":["post-305","page","type-page","status-publish","has-post-thumbnail","hentry"],"_links":{"self":[{"href":"https:\/\/eks-solar.de\/eks-update\/wp-json\/wp\/v2\/pages\/305","targetHints":{"allow":["GET"]}}],"collection":[{"href":"https:\/\/eks-solar.de\/eks-update\/wp-json\/wp\/v2\/pages"}],"about":[{"href":"https:\/\/eks-solar.de\/eks-update\/wp-json\/wp\/v2\/types\/page"}],"author":[{"embeddable":true,"href":"https:\/\/eks-solar.de\/eks-update\/wp-json\/wp\/v2\/users\/2"}],"replies":[{"embeddable":true,"href":"https:\/\/eks-solar.de\/eks-update\/wp-json\/wp\/v2\/comments?post=305"}],"version-history":[{"count":33,"href":"https:\/\/eks-solar.de\/eks-update\/wp-json\/wp\/v2\/pages\/305\/revisions"}],"predecessor-version":[{"id":2369,"href":"https:\/\/eks-solar.de\/eks-update\/wp-json\/wp\/v2\/pages\/305\/revisions\/2369"}],"wp:featuredmedia":[{"embeddable":true,"href":"https:\/\/eks-solar.de\/eks-update\/wp-json\/wp\/v2\/media\/98"}],"wp:attachment":[{"href":"https:\/\/eks-solar.de\/eks-update\/wp-json\/wp\/v2\/media?parent=305"}],"curies":[{"name":"wp","href":"https:\/\/api.w.org\/{rel}","templated":true}]}}