{"id":336,"date":"2018-12-08T11:10:23","date_gmt":"2018-12-08T10:10:23","guid":{"rendered":"http:\/\/neu.eks-solar.de\/cms\/?page_id=336"},"modified":"2026-04-09T10:56:39","modified_gmt":"2026-04-09T08:56:39","slug":"planung-projektierung","status":"publish","type":"page","link":"https:\/\/eks-solar.de\/eks-update\/unternehmen\/planung-projektierung\/","title":{"rendered":"Planung &#038; Projektierung"},"content":{"rendered":"<div class=\"wpb-content-wrapper\"><p>[vc_row full_width=&#8220;stretch_row_content_no_spaces&#8220;][vc_column]<div class=\"sc_parallax sc_parallax_reverse_no\" style=\"color:#ffffff;background-color:#1069B9;\" data-parallax-speed=\"0.3\" data-parallax-x-pos=\"50%\" data-parallax-y-pos=\"50%\"><div class=\"sc_parallax_content\" style=\"background-image:url(https:\/\/eks-solar.de\/eks-update\/wp-content\/uploads\/2025\/08\/BG-Page-Title-PV-Module.jpg); background-position:50% 50%;\"><div class=\"sc_content content_wrap\">[vc_column_text]<\/p>\n<h1 class=\"pageTitle\">Planung und Projektierung<\/h1>\n<p>[\/vc_column_text]<\/div><\/div><\/div>[\/vc_column][\/vc_row][vc_row full_width=&#8220;stretch_row&#8220; gap=&#8220;30&#8243; css=&#8220;.vc_custom_1775720542909{margin-top: 3.5em !important;}&#8220;][vc_column]<div class=\"sc_content content_wrap scheme_original\"><div class=\"columns_wrap sc_columns columns_nofluid no_margins nodark_section_columns sc_columns_count_2\"><div class=\"column-1_2 sc_column_item sc_column_item_1 odd first\">[vc_column_text css=&#8220;.vc_custom_1775724983936{padding-right: 20px !important;}&#8220;]<\/p>\n<h2 class=\"bigCap\"><strong>Wir planen und realisieren<\/strong><\/h2>\n<p>Das Team der EKS Solartechnik GmbH steht Ihnen von der ersten Beratung bis hin zur Realisierung Ihrer eigenen Photovoltaik-Anlage in allen Bereichen mit Rat und Tat zur Seite.<\/p>\n<p>Am Anfang steht immer die Frage, ob eine vorhandene Immobilie oder Freifl\u00e4che f\u00fcr die Nutzung der Photovoltaik geeignet ist. Hierf\u00fcr vereinbaren wir gerne einen Besichtigungstermin mit Ihnen, bei dem alle relevanten Voraussetzungen gepr\u00fcft werden.<\/p>\n<p>Aber auch wenn Sie selbst \u00fcber keine geeignete Fl\u00e4che verf\u00fcgen, k\u00f6nnen Sie in die Photovoltaik investieren. Wir k\u00f6nnen durch Partnerschaften und unseren hausinternen Vertrieb st\u00e4ndig auf Fl\u00e4chen zugreifen, die f\u00fcr eine solare Nutzung geeignet sind. Sprechen Sie uns bei Interesse einfach an.<\/p>\n<p>In der Planungsphase wird individuell f\u00fcr Ihre Rahmenbedingungen die PV-Anlage dimensioniert und die geeignteten Komponenten sowie die Unterkonstruktion f\u00fcr die Montage ausgew\u00e4hlt.<\/p>\n<p>Gleichzeitig beraten und unterst\u00fctzen wir Sie bei der Beantragung von F\u00f6rdermitteln und dem Netzanschluss mit entsprechender Einspeiseverg\u00fctung.<\/p>\n<p>Wir nehmen wir uns Zeit f\u00fcr eine ausf\u00fchrliche und fundierte Beratung in allen Projektphasen, denn Kundenzufriedenheit hat bei uns oberste Priorit\u00e4t.[\/vc_column_text]<\/div><div class=\"column-1_2 sc_column_item sc_column_item_2 even\">[vc_column_text css=&#8220;&#8220;]<\/p>\n<h2 class=\"bigCap\"><strong>Die 4 Projektphasen<\/strong><\/h2>\n<p><strong>1_ Beratung und Planung:<\/strong> Im Rahmen einer kostenlosen und unverbindlichen Erstberatung besichtigen wir Ihre Dachfl\u00e4che(n), ermitteln die erforderlichen Daten f\u00fcr die Anlagenplanung und erarbeiten ein individuelles Angebot mit Ertragsprognose und Wirtschaftlichkeitsberechnung.<\/p>\n<p><strong>2_ Projektierung:<\/strong> Wir w\u00e4hlen die optimalen Module und Komponenten f\u00fcr Ihre Anlage aus und erstellen alle erforderlichen Planungsunterlagen f\u00fcr die Realisierung. Unabh\u00e4ngig von Herstellern erarbeiten wir die bestm\u00f6gliche L\u00f6sung f\u00fcr Ihre Anlage.<\/p>\n<p><strong>3_ Montage und Inbetriebnahme:<\/strong> Die Montage und Inbetriebnahme der Anlage wird ausschlie\u00dflich von Fachbetrieben ausgef\u00fchrt, wobei auch komplette Dachsanierungen m\u00f6glich sind. Wir erledigen alle Formalit\u00e4ten f\u00fcr Sie und melden abschlie\u00dfend die Fertigstellung bei Ihrem Energieversorger.<\/p>\n<p><strong>4_ Service und Wartung:<\/strong> Nach der Fertigstellung und Inbetriebnahme der Anlage sind wir Ihr Ansprechpartner f\u00fcr alle Service- und Wartungsarbeiten. Optional bieten wir auch eine Fern\u00fcberwachung an.[\/vc_column_text]<\/div><\/div><\/div>[vc_empty_space height=&#8220;2em&#8220;][\/vc_column][\/vc_row][vc_row content_placement=&#8220;middle&#8220; el_class=&#8220;call2Action&#8220;][vc_column]<div class=\"sc_content content_wrap\" style=\"margin-top:2em !important;margin-bottom:4em !important;\">[vc_empty_space height=&#8220;1.2em&#8220;]<h3 class=\"sc_title sc_title_regular sc_align_left styling2\" style=\"margin-bottom:0.2em;margin-left:40px;text-align:left;\">Starten Sie jetzt mit uns die Planung Ihrer PV-Anlage<\/h3><\/div><div class=\"columns_wrap sc_columns columns_nofluid nodark_section_columns sc_columns_count_2\" style=\"````margin-right:40px;margin-left:40px;\"><div class=\"column-1_2 sc_column_item sc_column_item_1 odd first\">[vc_column_text css=&#8220;&#8220;]<\/p>\n<h6 style=\"text-align: left;\">Senden Sie uns einfach eine kurze Beschreibung Ihres Vorhabens oder soweit vorhanden einige Angaben zur gew\u00fcnschten Anlage. Dann legen wir los&#8230;<\/h6>\n<p>[\/vc_column_text][vc_empty_space height=&#8220;20px&#8220;]<\/div><div class=\"column-1_2 sc_column_item sc_column_item_2 even\">[vc_column_text css=&#8220;&#8220;]<div role=\"form\" class=\"wpcf7\" id=\"wpcf7-f988-o1\" lang=\"de-DE\" dir=\"ltr\">\n<div class=\"screen-reader-response\"><p role=\"status\" aria-live=\"polite\" aria-atomic=\"true\"><\/p> <ul><\/ul><\/div>\n<form action=\"\/eks-update\/wp-json\/wp\/v2\/pages\/336#wpcf7-f988-o1\" method=\"post\" class=\"wpcf7-form init\" novalidate=\"novalidate\" data-status=\"init\">\n<div style=\"display: none;\">\n<input type=\"hidden\" name=\"_wpcf7\" value=\"988\" \/>\n<input type=\"hidden\" name=\"_wpcf7_version\" value=\"5.6.4\" \/>\n<input type=\"hidden\" name=\"_wpcf7_locale\" value=\"de_DE\" \/>\n<input type=\"hidden\" name=\"_wpcf7_unit_tag\" value=\"wpcf7-f988-o1\" \/>\n<input type=\"hidden\" name=\"_wpcf7_container_post\" value=\"0\" \/>\n<input type=\"hidden\" name=\"_wpcf7_posted_data_hash\" value=\"\" \/>\n<\/div>\n<span class=\"wpcf7-form-control-wrap\" data-name=\"your-name\"><input type=\"text\" name=\"your-name\" value=\"\" size=\"40\" class=\"wpcf7-form-control wpcf7-text wpcf7-validates-as-required\" aria-required=\"true\" aria-invalid=\"false\" placeholder=\"Ihr Name*\" \/><\/span>\n\n<span class=\"wpcf7-form-control-wrap\" data-name=\"your-email\"><input type=\"email\" name=\"your-email\" value=\"\" size=\"40\" class=\"wpcf7-form-control wpcf7-text wpcf7-email wpcf7-validates-as-required wpcf7-validates-as-email\" aria-required=\"true\" aria-invalid=\"false\" placeholder=\"E-Mail-Adresse*\" \/><\/span>\n\n<span class=\"wpcf7-form-control-wrap\" data-name=\"tel-696\"><input type=\"text\" name=\"tel-696\" value=\"\" size=\"40\" class=\"wpcf7-form-control wpcf7-text\" aria-invalid=\"false\" placeholder=\"Telefon (optional)\" \/><\/span>\n\n<div style=\"height: 10px;\"><!-- Spacer --><\/div>\n\n<label> Ihre Anfrage\n    <span class=\"wpcf7-form-control-wrap\" data-name=\"your-message\"><textarea name=\"your-message\" cols=\"40\" rows=\"7\" class=\"wpcf7-form-control wpcf7-textarea\" aria-invalid=\"false\" placeholder=\"Beschreiben Sie hier die Eckdaten Ihrer Anlage...\"><\/textarea><\/span> <\/label>\n\n<span id=\"wpcf7-69e48da2663ba-wrapper\" class=\"wpcf7-form-control-wrap general-123-wrap\" ><label for=\"wpcf7-69e48da2663ba-field\" class=\"hp-message\">Bitte lasse dieses Feld leer.<\/label><input id=\"wpcf7-69e48da2663ba-field\"  class=\"wpcf7-form-control wpcf7-text\" type=\"text\" name=\"general-123\" value=\"\" size=\"40\" tabindex=\"-1\" autocomplete=\"new-password\" \/><\/span>\n\n<span class=\"wpcf7-form-control-wrap\" data-name=\"dsgvo-consent\"><span class=\"wpcf7-form-control wpcf7-acceptance\"><span class=\"wpcf7-list-item\"><label><input type=\"checkbox\" name=\"dsgvo-consent\" value=\"1\" aria-invalid=\"false\" \/><span class=\"wpcf7-list-item-label\">Ich akzeptiere die <a href=\"https:\/\/eks-solar.de\/eks-update\/datenschutzerklaerung\/\" rel=\"nofollow\">Datenschutzerkl\u00e4rung<\/a>.<\/span><\/label><\/span><\/span><\/span> \n\n<input type=\"submit\" value=\"Anfrage senden\" class=\"wpcf7-form-control has-spinner wpcf7-submit\" \/><div class=\"wpcf7-response-output\" aria-hidden=\"true\"><\/div><\/form><\/div>[\/vc_column_text][vc_empty_space height=&#8220;20px&#8220;]<\/div><\/div>[vc_empty_space height=&#8220;2em&#8220;][\/vc_column][\/vc_row][vc_row disable_element=&#8220;yes&#8220; el_class=&#8220;hide-on-all&#8220;][vc_column]<div class=\"sc_content content_wrap\" style=\"margin-top:2em !important;margin-bottom:4em !important;\">[vc_empty_space height=&#8220;1.2em&#8220;]<h3 class=\"sc_title sc_title_regular sc_align_center styling2\" style=\"margin-bottom:0.2em;text-align:center;\">Das EKS Solartechnik TEAM<\/h3><\/div><div class=\"columns_wrap sc_columns columns_nofluid nodark_section_columns sc_columns_count_3\" style=\"margin-right:40px;margin-left:40px;\"><div class=\"column-1_3 sc_column_item sc_column_item_1 odd first\">[vc_column_text]<img decoding=\"async\" src=\"https:\/\/eks-solar.de\/eks-update\/wp-content\/uploads\/2018\/12\/eks-team-01.jpg\" alt=\"Harald Schmieg, Gesch\u00e4ftsf\u00fchrer\" width=\"100%\" \/><\/p>\n<h4 style=\"text-align: center;\">Harald Schmieg<\/h4>\n<p style=\"text-align: center;\">Gesch\u00e4ftsf\u00fchrer<\/p>\n<p>[\/vc_column_text][vc_empty_space height=&#8220;20px&#8220;]<\/div><div class=\"column-1_3 sc_column_item sc_column_item_2 even\">[vc_column_text]<img decoding=\"async\" src=\"https:\/\/eks-solar.de\/eks-update\/wp-content\/uploads\/2018\/12\/eks-team-02.jpg\" alt=\"Martin Heppner, Projektleiter\" width=\"100%\" \/><\/p>\n<h4 style=\"text-align: center;\">Martin Heppner<\/h4>\n<p style=\"text-align: center;\">Projektleiter<\/p>\n<p>[\/vc_column_text][vc_empty_space height=&#8220;20px&#8220;]<\/div><div class=\"column-1_3 sc_column_item sc_column_item_3 odd\">[vc_column_text]<img decoding=\"async\" src=\"https:\/\/eks-solar.de\/eks-update\/wp-content\/uploads\/2018\/12\/eks-team-03.jpg\" alt=\"Heidrun Fischer\" width=\"100%\" \/><\/p>\n<h4 style=\"text-align: center;\">Heidrun Fischer<\/h4>\n<p style=\"text-align: center;\">Assistenz der Gesch\u00e4ftsleitung<\/p>\n<p>[\/vc_column_text][vc_empty_space height=&#8220;20px&#8220;]<\/div><\/div>[vc_empty_space height=&#8220;2em&#8220;][\/vc_column][\/vc_row]<\/p>\n<\/div>","protected":false},"excerpt":{"rendered":"<p>[vc_row full_width=&#8220;stretch_row_content_no_spaces&#8220;][vc_column][\/vc_column][\/vc_row][vc_row full_width=&#8220;stretch_row&#8220; gap=&#8220;30&#8243; css=&#8220;.vc_custom_1775720542909{margin-top: 3.5em !important;}&#8220;][vc_column][vc_empty_space height=&#8220;2em&#8220;][\/vc_column][\/vc_row][vc_row content_placement=&#8220;middle&#8220; el_class=&#8220;call2Action&#8220;][vc_column][vc_empty_space height=&#8220;2em&#8220;][\/vc_column][\/vc_row][vc_row disable_element=&#8220;yes&#8220; el_class=&#8220;hide-on-all&#8220;][vc_column][vc_empty_space height=&#8220;2em&#8220;][\/vc_column][\/vc_row]<\/p>\n","protected":false},"author":2,"featured_media":0,"parent":13,"menu_order":3,"comment_status":"open","ping_status":"closed","template":"","meta":{"footnotes":""},"class_list":["post-336","page","type-page","status-publish","hentry"],"_links":{"self":[{"href":"https:\/\/eks-solar.de\/eks-update\/wp-json\/wp\/v2\/pages\/336","targetHints":{"allow":["GET"]}}],"collection":[{"href":"https:\/\/eks-solar.de\/eks-update\/wp-json\/wp\/v2\/pages"}],"about":[{"href":"https:\/\/eks-solar.de\/eks-update\/wp-json\/wp\/v2\/types\/page"}],"author":[{"embeddable":true,"href":"https:\/\/eks-solar.de\/eks-update\/wp-json\/wp\/v2\/users\/2"}],"replies":[{"embeddable":true,"href":"https:\/\/eks-solar.de\/eks-update\/wp-json\/wp\/v2\/comments?post=336"}],"version-history":[{"count":28,"href":"https:\/\/eks-solar.de\/eks-update\/wp-json\/wp\/v2\/pages\/336\/revisions"}],"predecessor-version":[{"id":340,"href":"https:\/\/eks-solar.de\/eks-update\/wp-json\/wp\/v2\/pages\/336\/revisions\/340"}],"up":[{"embeddable":true,"href":"https:\/\/eks-solar.de\/eks-update\/wp-json\/wp\/v2\/pages\/13"}],"wp:attachment":[{"href":"https:\/\/eks-solar.de\/eks-update\/wp-json\/wp\/v2\/media?parent=336"}],"curies":[{"name":"wp","href":"https:\/\/api.w.org\/{rel}","templated":true}]}}