{"id":420,"date":"2018-12-10T12:38:04","date_gmt":"2018-12-10T11:38:04","guid":{"rendered":"http:\/\/neu.eks-solar.de\/cms\/?page_id=420"},"modified":"2026-04-09T09:30:20","modified_gmt":"2026-04-09T07:30:20","slug":"stoerungsmeldung","status":"publish","type":"page","link":"https:\/\/eks-solar.de\/eks-update\/service\/stoerungsmeldung\/","title":{"rendered":"St\u00f6rungsmeldung"},"content":{"rendered":"<div class=\"wpb-content-wrapper\"><p>[vc_row full_width=&#8220;stretch_row_content_no_spaces&#8220;][vc_column]<div class=\"sc_parallax sc_parallax_reverse_no\" style=\"color:#ffffff;background-color:#1069B9;\" data-parallax-speed=\"0.3\" data-parallax-x-pos=\"50%\" data-parallax-y-pos=\"50%\"><div class=\"sc_parallax_content\" style=\"background-image:url(https:\/\/eks-solar.de\/eks-update\/wp-content\/uploads\/2025\/08\/BG-Page-Title-PV-Module.jpg); background-position:50% 50%;\"><div class=\"sc_content content_wrap\">[vc_column_text]<\/p>\n<h1 class=\"pageTitle\">St\u00f6rungsmeldung<\/h1>\n<p>[\/vc_column_text]<\/div><\/div><\/div>[\/vc_column][\/vc_row][vc_row gap=&#8220;30&#8243; css=&#8220;.vc_custom_1775719625932{margin-top: 3.5em !important;margin-bottom: 2em !important;}&#8220;][vc_column width=&#8220;1\/2&#8243;][vc_column_text css=&#8220;&#8220;]<\/p>\n<h2 class=\"bigCap\">Allgemeine St\u00f6rungsmeldung<\/h2>\n<p>Mit diesem Formular k\u00f6nnen Sie uns eine St\u00f6rung an Ihrer PV-Anlage melden. Wenn Sie eine St\u00f6rung an Ihrem Wechselrichter melden wollen, verwenden Sie bitte das <a href=\"#Stoerung-WR\">&gt;&gt; folgende Formular<\/a>.[\/vc_column_text][vc_empty_space height=&#8220;2em&#8220;]<div role=\"form\" class=\"wpcf7\" id=\"wpcf7-f425-o1\" lang=\"de-DE\" dir=\"ltr\">\n<div class=\"screen-reader-response\"><p role=\"status\" aria-live=\"polite\" aria-atomic=\"true\"><\/p> <ul><\/ul><\/div>\n<form action=\"\/eks-update\/wp-json\/wp\/v2\/pages\/420#wpcf7-f425-o1\" method=\"post\" class=\"wpcf7-form init\" novalidate=\"novalidate\" data-status=\"init\">\n<div style=\"display: none;\">\n<input type=\"hidden\" name=\"_wpcf7\" value=\"425\" \/>\n<input type=\"hidden\" name=\"_wpcf7_version\" value=\"5.6.4\" \/>\n<input type=\"hidden\" name=\"_wpcf7_locale\" value=\"de_DE\" \/>\n<input type=\"hidden\" name=\"_wpcf7_unit_tag\" value=\"wpcf7-f425-o1\" \/>\n<input type=\"hidden\" name=\"_wpcf7_container_post\" value=\"0\" \/>\n<input type=\"hidden\" name=\"_wpcf7_posted_data_hash\" value=\"\" \/>\n<\/div>\n<span class=\"bigBoldText\">Ihre Kontaktdaten<\/span> (* erforderliche Angaben)\n\n<span class=\"wpcf7-form-control-wrap\" data-name=\"your-gen\"><input type=\"text\" name=\"your-gen\" value=\"\" size=\"40\" class=\"wpcf7-form-control wpcf7-text\" aria-invalid=\"false\" placeholder=\"Herr \/ Frau\" \/><\/span>\n\n<span class=\"wpcf7-form-control-wrap\" data-name=\"your-prename\"><input type=\"text\" name=\"your-prename\" value=\"\" size=\"40\" class=\"wpcf7-form-control wpcf7-text\" aria-invalid=\"false\" placeholder=\"Vorname\" \/><\/span>\n<span class=\"wpcf7-form-control-wrap\" data-name=\"your-name\"><input type=\"text\" name=\"your-name\" value=\"\" size=\"40\" class=\"wpcf7-form-control wpcf7-text wpcf7-validates-as-required\" aria-required=\"true\" aria-invalid=\"false\" placeholder=\"Name*\" \/><\/span>\n<span class=\"wpcf7-form-control-wrap\" data-name=\"your-city\"><input type=\"text\" name=\"your-city\" value=\"\" size=\"40\" class=\"wpcf7-form-control wpcf7-text\" aria-invalid=\"false\" placeholder=\"PLZ und Ort\" \/><\/span> \n\n<span class=\"wpcf7-form-control-wrap\" data-name=\"your-email\"><input type=\"email\" name=\"your-email\" value=\"\" size=\"40\" class=\"wpcf7-form-control wpcf7-text wpcf7-email wpcf7-validates-as-required wpcf7-validates-as-email\" aria-required=\"true\" aria-invalid=\"false\" placeholder=\"E-Mail-Adresse*\" \/><\/span>\n\n<span class=\"wpcf7-form-control-wrap\" data-name=\"tel-696\"><input type=\"text\" name=\"tel-696\" value=\"\" size=\"40\" class=\"wpcf7-form-control wpcf7-text\" aria-invalid=\"false\" placeholder=\"Telefon \/ Mobil-Nr.\" \/><\/span>\n\n<div style=\"height: 10px;\"><!-- Spacer --><\/div>\n\nAnlagestandort:\n<span class=\"wpcf7-form-control-wrap\" data-name=\"location\"><input type=\"text\" name=\"location\" value=\"\" size=\"40\" class=\"wpcf7-form-control wpcf7-text\" aria-invalid=\"false\" placeholder=\"Adresse f\u00fcr evtl. Anfahrt\" \/><\/span> \n\n<div style=\"height: 10px;\"><!-- Spacer --><\/div>\n\n<span class=\"bigBoldText\">Fehlerbeschreibung<\/span>\nAngaben zu Ihre Anlage und der aufgetretenen St\u00f6rung\n<span class=\"wpcf7-form-control-wrap\" data-name=\"anl-error-descr\"><textarea name=\"anl-error-descr\" cols=\"40\" rows=\"5\" class=\"wpcf7-form-control wpcf7-textarea\" aria-invalid=\"false\"><\/textarea><\/span>\n\n<div style=\"height: 10px;\"><!-- Spacer --><\/div>\n\n<span class=\"bigBoldText\">Displaytext<\/span> (wenn vorhanden)\n<span class=\"wpcf7-form-control-wrap\" data-name=\"anl-error-displ\"><textarea name=\"anl-error-displ\" cols=\"40\" rows=\"5\" class=\"wpcf7-form-control wpcf7-textarea\" aria-invalid=\"false\"><\/textarea><\/span>\n\n<span id=\"wpcf7-69e72d89d6d8d-wrapper\" class=\"wpcf7-form-control-wrap stoerung-112-wrap\" ><label for=\"wpcf7-69e72d89d6d8d-field\" class=\"hp-message\">Bitte lasse dieses Feld leer.<\/label><input id=\"wpcf7-69e72d89d6d8d-field\"  class=\"wpcf7-form-control wpcf7-text\" type=\"text\" name=\"stoerung-112\" value=\"\" size=\"40\" tabindex=\"-1\" autocomplete=\"new-password\" \/><\/span>\n\n<p><span class=\"wpcf7-form-control-wrap\" data-name=\"checkbox-501\"><span class=\"wpcf7-form-control wpcf7-checkbox wpcf7-validates-as-required\"><span class=\"wpcf7-list-item first last\"><input type=\"checkbox\" name=\"checkbox-501[]\" value=\"Ich willige in die Verarbeitung meiner personenbezogenen Daten im Rahmen der St\u00f6rungsmeldung ein.\" \/><span class=\"wpcf7-list-item-label\">Ich willige in die Verarbeitung meiner personenbezogenen Daten im Rahmen der St\u00f6rungsmeldung ein.<\/span><\/span><\/span><\/span><\/p>\n\n<input type=\"submit\" value=\"St\u00f6rungsmeldung senden\" class=\"wpcf7-form-control has-spinner wpcf7-submit\" \/><div class=\"wpcf7-response-output\" aria-hidden=\"true\"><\/div><\/form><\/div>[\/vc_column][vc_column width=&#8220;1\/2&#8243;][vc_column_text css=&#8220;&#8220;]<\/p>\n<h2 id=\"Stoerung-WR\" class=\"bigCap\">Wechselrichter-St\u00f6rungsmeldung<\/h2>\n<p>Mit diesem Formular k\u00f6nnen Sie uns eine St\u00f6rung an Ihrem Wechselrichter melden und direkt alle relevanten Daten \u00fcbermittlen. F\u00fcllen Sie bitte nur die Felder aus, f\u00fcr die Sie genaue Angaben machen k\u00f6nnen.[\/vc_column_text][vc_empty_space height=&#8220;2em&#8220; el_id=&#8220;Stoerung-WR&#8220;]<div role=\"form\" class=\"wpcf7\" id=\"wpcf7-f415-o2\" lang=\"de-DE\" dir=\"ltr\">\n<div class=\"screen-reader-response\"><p role=\"status\" aria-live=\"polite\" aria-atomic=\"true\"><\/p> <ul><\/ul><\/div>\n<form action=\"\/eks-update\/wp-json\/wp\/v2\/pages\/420#wpcf7-f415-o2\" method=\"post\" class=\"wpcf7-form init\" novalidate=\"novalidate\" data-status=\"init\">\n<div style=\"display: none;\">\n<input type=\"hidden\" name=\"_wpcf7\" value=\"415\" \/>\n<input type=\"hidden\" name=\"_wpcf7_version\" value=\"5.6.4\" \/>\n<input type=\"hidden\" name=\"_wpcf7_locale\" value=\"de_DE\" \/>\n<input type=\"hidden\" name=\"_wpcf7_unit_tag\" value=\"wpcf7-f415-o2\" \/>\n<input type=\"hidden\" name=\"_wpcf7_container_post\" value=\"0\" \/>\n<input type=\"hidden\" name=\"_wpcf7_posted_data_hash\" value=\"\" \/>\n<\/div>\n<span class=\"bigBoldText\">Ihre Kontaktdaten<\/span> (* erforderliche Angaben)\n\n<span class=\"wpcf7-form-control-wrap\" data-name=\"your-gen\"><input type=\"text\" name=\"your-gen\" value=\"\" size=\"40\" class=\"wpcf7-form-control wpcf7-text\" aria-invalid=\"false\" placeholder=\"Herr \/ Frau\" \/><\/span>\n\n<span class=\"wpcf7-form-control-wrap\" data-name=\"your-prename\"><input type=\"text\" name=\"your-prename\" value=\"\" size=\"40\" class=\"wpcf7-form-control wpcf7-text\" aria-invalid=\"false\" placeholder=\"Vorname\" \/><\/span>\n<span class=\"wpcf7-form-control-wrap\" data-name=\"your-name\"><input type=\"text\" name=\"your-name\" value=\"\" size=\"40\" class=\"wpcf7-form-control wpcf7-text wpcf7-validates-as-required\" aria-required=\"true\" aria-invalid=\"false\" placeholder=\"Name*\" \/><\/span>\n<span class=\"wpcf7-form-control-wrap\" data-name=\"your-city\"><input type=\"text\" name=\"your-city\" value=\"\" size=\"40\" class=\"wpcf7-form-control wpcf7-text\" aria-invalid=\"false\" placeholder=\"PLZ und Ort\" \/><\/span> \n\n<span class=\"wpcf7-form-control-wrap\" data-name=\"your-email\"><input type=\"email\" name=\"your-email\" value=\"\" size=\"40\" class=\"wpcf7-form-control wpcf7-text wpcf7-email wpcf7-validates-as-required wpcf7-validates-as-email\" aria-required=\"true\" aria-invalid=\"false\" placeholder=\"E-Mail-Adresse*\" \/><\/span>\n\n<span class=\"wpcf7-form-control-wrap\" data-name=\"tel-696\"><input type=\"text\" name=\"tel-696\" value=\"\" size=\"40\" class=\"wpcf7-form-control wpcf7-text\" aria-invalid=\"false\" placeholder=\"Telefon \/ Mobil-Nr.\" \/><\/span>\n\n<div style=\"height: 10px;\"><!-- Spacer --><\/div>\n\nAnlagestandort:\n<span class=\"wpcf7-form-control-wrap\" data-name=\"location\"><input type=\"text\" name=\"location\" value=\"\" size=\"40\" class=\"wpcf7-form-control wpcf7-text\" aria-invalid=\"false\" placeholder=\"Adresse f\u00fcr evtl. Anfahrt\" \/><\/span> \n\n<div style=\"height: 10px;\"><!-- Spacer --><\/div>\n\n<span class=\"bigBoldText\">Daten Ihrer Anlage \/ Wechselrichter (WR)<\/span>\n<span class=\"wpcf7-form-control-wrap\" data-name=\"anl-bauj\"><input type=\"text\" name=\"anl-bauj\" value=\"\" size=\"40\" class=\"wpcf7-form-control wpcf7-text\" aria-invalid=\"false\" placeholder=\"Baujahr\" \/><\/span> \n<span class=\"wpcf7-form-control-wrap\" data-name=\"anl-herst\"><input type=\"text\" name=\"anl-herst\" value=\"\" size=\"40\" class=\"wpcf7-form-control wpcf7-text\" aria-invalid=\"false\" placeholder=\"Hersteller\" \/><\/span>\n<span class=\"wpcf7-form-control-wrap\" data-name=\"anl-typ\"><input type=\"text\" name=\"anl-typ\" value=\"\" size=\"40\" class=\"wpcf7-form-control wpcf7-text\" aria-invalid=\"false\" placeholder=\"Typ\" \/><\/span>\n<span class=\"wpcf7-form-control-wrap\" data-name=\"anl-serie\"><input type=\"text\" name=\"anl-serie\" value=\"\" size=\"40\" class=\"wpcf7-form-control wpcf7-text\" aria-invalid=\"false\" placeholder=\"Serien-Nr.\" \/><\/span>\n\n<div style=\"height: 10px;\"><!-- Spacer --><\/div>\n\n<span class=\"bigBoldText\">Fehlerbeschreibung<\/span>\n<span class=\"wpcf7-form-control-wrap\" data-name=\"anl-error-descr\"><textarea name=\"anl-error-descr\" cols=\"40\" rows=\"5\" class=\"wpcf7-form-control wpcf7-textarea\" aria-invalid=\"false\"><\/textarea><\/span>\n\n<div style=\"height: 10px;\"><!-- Spacer --><\/div>\n\n<span class=\"bigBoldText\">Displaytext<\/span> (wenn vorhanden)\n<span class=\"wpcf7-form-control-wrap\" data-name=\"anl-error-displ\"><textarea name=\"anl-error-displ\" cols=\"40\" rows=\"5\" class=\"wpcf7-form-control wpcf7-textarea\" aria-invalid=\"false\"><\/textarea><\/span>\n\n<span id=\"wpcf7-69e72d89d738e-wrapper\" class=\"wpcf7-form-control-wrap stoerung-112-wrap\" ><label for=\"wpcf7-69e72d89d738e-field\" class=\"hp-message\">Bitte lasse dieses Feld leer.<\/label><input id=\"wpcf7-69e72d89d738e-field\"  class=\"wpcf7-form-control wpcf7-text\" type=\"text\" name=\"stoerung-112\" value=\"\" size=\"40\" tabindex=\"-1\" autocomplete=\"new-password\" \/><\/span>\n\n<p><span class=\"wpcf7-form-control-wrap\" data-name=\"checkbox-501\"><span class=\"wpcf7-form-control wpcf7-checkbox wpcf7-validates-as-required\"><span class=\"wpcf7-list-item first last\"><input type=\"checkbox\" name=\"checkbox-501[]\" value=\"Ich willige in die Verarbeitung meiner personenbezogenen Daten im Rahmen der St\u00f6rungsmeldung ein.\" \/><span class=\"wpcf7-list-item-label\">Ich willige in die Verarbeitung meiner personenbezogenen Daten im Rahmen der St\u00f6rungsmeldung ein.<\/span><\/span><\/span><\/span><\/p>\n\n<input type=\"submit\" value=\"St\u00f6rungsmeldung senden\" class=\"wpcf7-form-control has-spinner wpcf7-submit\" \/><div class=\"wpcf7-response-output\" aria-hidden=\"true\"><\/div><\/form><\/div>[\/vc_column][\/vc_row]<\/p>\n<\/div>","protected":false},"excerpt":{"rendered":"<p>[vc_row full_width=&#8220;stretch_row_content_no_spaces&#8220;][vc_column][\/vc_column][\/vc_row][vc_row gap=&#8220;30&#8243; css=&#8220;.vc_custom_1775719625932{margin-top: 3.5em !important;margin-bottom: 2em !important;}&#8220;][vc_column width=&#8220;1\/2&#8243;][vc_column_text css=&#8220;&#8220;] Allgemeine St\u00f6rungsmeldung Mit diesem Formular k\u00f6nnen Sie uns eine St\u00f6rung an Ihrer PV-Anlage melden. Wenn Sie eine St\u00f6rung an Ihrem Wechselrichter melden wollen, verwenden Sie bitte das &gt;&gt; folgende Formular.[\/vc_column_text][vc_empty_space height=&#8220;2em&#8220;][\/vc_column][vc_column width=&#8220;1\/2&#8243;][vc_column_text css=&#8220;&#8220;] Wechselrichter-St\u00f6rungsmeldung Mit diesem Formular k\u00f6nnen Sie uns eine St\u00f6rung an Ihrem Wechselrichter [&hellip;]<\/p>\n","protected":false},"author":2,"featured_media":0,"parent":411,"menu_order":10,"comment_status":"closed","ping_status":"closed","template":"","meta":{"footnotes":""},"class_list":["post-420","page","type-page","status-publish","hentry"],"_links":{"self":[{"href":"https:\/\/eks-solar.de\/eks-update\/wp-json\/wp\/v2\/pages\/420","targetHints":{"allow":["GET"]}}],"collection":[{"href":"https:\/\/eks-solar.de\/eks-update\/wp-json\/wp\/v2\/pages"}],"about":[{"href":"https:\/\/eks-solar.de\/eks-update\/wp-json\/wp\/v2\/types\/page"}],"author":[{"embeddable":true,"href":"https:\/\/eks-solar.de\/eks-update\/wp-json\/wp\/v2\/users\/2"}],"replies":[{"embeddable":true,"href":"https:\/\/eks-solar.de\/eks-update\/wp-json\/wp\/v2\/comments?post=420"}],"version-history":[{"count":11,"href":"https:\/\/eks-solar.de\/eks-update\/wp-json\/wp\/v2\/pages\/420\/revisions"}],"predecessor-version":[{"id":2323,"href":"https:\/\/eks-solar.de\/eks-update\/wp-json\/wp\/v2\/pages\/420\/revisions\/2323"}],"up":[{"embeddable":true,"href":"https:\/\/eks-solar.de\/eks-update\/wp-json\/wp\/v2\/pages\/411"}],"wp:attachment":[{"href":"https:\/\/eks-solar.de\/eks-update\/wp-json\/wp\/v2\/media?parent=420"}],"curies":[{"name":"wp","href":"https:\/\/api.w.org\/{rel}","templated":true}]}}